{"id":270,"date":"2025-12-07T23:35:59","date_gmt":"2025-12-07T22:35:59","guid":{"rendered":"https:\/\/taotmagia.pl\/?post_type=product&#038;p=270"},"modified":"2025-12-07T23:35:59","modified_gmt":"2025-12-07T22:35:59","slug":"rytual-ochronny-straznicy-sfery-marsa","status":"publish","type":"product","link":"https:\/\/taotmagia.pl\/index.php\/produkt\/rytual-ochronny-straznicy-sfery-marsa\/","title":{"rendered":"Rytua\u0142 Ochronny: Stra\u017cnicy Sfery Marsa"},"content":{"rendered":"<p class=\"my-2 [&amp;+p]:mt-4 [&amp;_strong:has(+br)]:inline-block [&amp;_strong:has(+br)]:pb-2\">W \u015bwiecie niewidzialnych wp\u0142yw\u00f3w, pasywna ochrona cz\u0119sto zawodzi. Dlatego si\u0119gamy po jedn\u0105 z najbardziej dynamicznych i skutecznych si\u0142 w magii planetarnej: <strong>energi\u0119 Marsa<\/strong>. To nie jest pro\u015bba o spok\u00f3j. To wezwanie wojownik\u00f3w i strateg\u00f3w z marsja\u0144skiej sfery, aby ustanowili wok\u00f3\u0142 Ciebie \u017celazn\u0105 perymetri\u0119 \u2013 aktywn\u0105 i bezkompromisow\u0105.<\/p>\n<p class=\"my-2 [&amp;+p]:mt-4 [&amp;_strong:has(+br)]:inline-block [&amp;_strong:has(+br)]:pb-2\"><strong>Jak dzia\u0142a energia Marsa?<\/strong><br \/>\nMarsja\u0144ska si\u0142a dzia\u0142a jak miecz. Odcina po\u0142\u0105czenia, przez kt\u00f3re wycieka Twoja energia. Dzia\u0142a jak pancerz czyni\u0105c Ci\u0119 niewra\u017cliwym na ataki. Dzia\u0142a te\u017c jak zwiastun si\u0142y \u2013 sama Twoja obecno\u015b\u0107 zaczyna odstrasza\u0107 tych, kt\u00f3rzy chcieliby czerpa\u0107 z Ciebie bez pozwolenia.<\/p>\n<p class=\"my-2 [&amp;+p]:mt-4 [&amp;_strong:has(+br)]:inline-block [&amp;_strong:has(+br)]:pb-2\"><strong>Rytua\u0142 jest stworzony, by chroni\u0107 przed:<\/strong><\/p>\n<ul class=\"marker:text-quiet list-disc\">\n<li class=\"py-0 my-0 prose-p:pt-0 prose-p:mb-2 prose-p:my-0 [&amp;&gt;p]:pt-0 [&amp;&gt;p]:mb-2 [&amp;&gt;p]:my-0\">\n<p class=\"my-2 [&amp;+p]:mt-4 [&amp;_strong:has(+br)]:inline-block [&amp;_strong:has(+br)]:pb-2\">\u015awiadomymi i nie\u015bwiadomymi atakami psychicznymi.<\/p>\n<\/li>\n<li class=\"py-0 my-0 prose-p:pt-0 prose-p:mb-2 prose-p:my-0 [&amp;&gt;p]:pt-0 [&amp;&gt;p]:mb-2 [&amp;&gt;p]:my-0\">\n<p class=\"my-2 [&amp;+p]:mt-4 [&amp;_strong:has(+br)]:inline-block [&amp;_strong:has(+br)]:pb-2\">Wampiryzmem energetycznym (w pracy, rodzinie, relacjach).<\/p>\n<\/li>\n<li class=\"py-0 my-0 prose-p:pt-0 prose-p:mb-2 prose-p:my-0 [&amp;&gt;p]:pt-0 [&amp;&gt;p]:mb-2 [&amp;&gt;p]:my-0\">\n<p class=\"my-2 [&amp;+p]:mt-4 [&amp;_strong:has(+br)]:inline-block [&amp;_strong:has(+br)]:pb-2\">Z\u0142ym okiem, zazdro\u015bci\u0105 i z\u0142orzeczeniami.<\/p>\n<\/li>\n<li class=\"py-0 my-0 prose-p:pt-0 prose-p:mb-2 prose-p:my-0 [&amp;&gt;p]:pt-0 [&amp;&gt;p]:mb-2 [&amp;&gt;p]:my-0\">\n<p class=\"my-2 [&amp;+p]:mt-4 [&amp;_strong:has(+br)]:inline-block [&amp;_strong:has(+br)]:pb-2\">Poczuciem ci\u0105g\u0142ego zagro\u017cenia.<\/p>\n<\/li>\n<\/ul>\n<p class=\"my-2 [&amp;+p]:mt-4 [&amp;_strong:has(+br)]:inline-block [&amp;_strong:has(+br)]:pb-2\"><strong>W ramach us\u0142ugi otrzymujesz:<\/strong><\/p>\n<ol class=\"marker:text-quiet list-decimal\">\n<li class=\"py-0 my-0 prose-p:pt-0 prose-p:mb-2 prose-p:my-0 [&amp;&gt;p]:pt-0 [&amp;&gt;p]:mb-2 [&amp;&gt;p]:my-0\">\n<p class=\"my-2 [&amp;+p]:mt-4 [&amp;_strong:has(+br)]:inline-block [&amp;_strong:has(+br)]:pb-2\">Rytua\u0142 celowany w Twoj\u0105 ochron\u0119, przeprowadzony na o\u0142tarzu TAOT.<\/p>\n<\/li>\n<li class=\"py-0 my-0 prose-p:pt-0 prose-p:mb-2 prose-p:my-0 [&amp;&gt;p]:pt-0 [&amp;&gt;p]:mb-2 [&amp;&gt;p]:my-0\">\n<p class=\"my-2 [&amp;+p]:mt-4 [&amp;_strong:has(+br)]:inline-block [&amp;_strong:has(+br)]:pb-2\">Imiona przywo\u0142anych istot.<\/p>\n<\/li>\n<li class=\"py-0 my-0 prose-p:pt-0 prose-p:mb-2 prose-p:my-0 [&amp;&gt;p]:pt-0 [&amp;&gt;p]:mb-2 [&amp;&gt;p]:my-0\">\n<p class=\"my-2 [&amp;+p]:mt-4 [&amp;_strong:has(+br)]:inline-block [&amp;_strong:has(+br)]:pb-2\">Szczeg\u00f3\u0142owy raport z podsumowaniem operacji: czy wyeliminowano istniej\u0105ce zagro\u017cenia, czy ustanowiono tarcz\u0119 prewencyjn\u0105.<\/p>\n<\/li>\n<\/ol>\n","protected":false},"excerpt":{"rendered":"<p>W \u015bwiecie niewidzialnych wp\u0142yw\u00f3w, pasywna ochrona cz\u0119sto zawodzi. Dlatego si\u0119gamy po jedn\u0105 z najbardziej dynamicznych i skutecznych si\u0142 w magii planetarnej: energi\u0119 Marsa. To nie jest pro\u015bba o spok\u00f3j. To wezwanie wojownik\u00f3w i strateg\u00f3w z marsja\u0144skiej sfery, aby ustanowili wok\u00f3\u0142 Ciebie \u017celazn\u0105 perymetri\u0119 \u2013 aktywn\u0105 i bezkompromisow\u0105. Jak dzia\u0142a energia Marsa? Marsja\u0144ska si\u0142a dzia\u0142a jak [&hellip;]<\/p>\n","protected":false},"featured_media":271,"comment_status":"open","ping_status":"closed","template":"","meta":[],"product_brand":[],"product_cat":[23],"product_tag":[],"class_list":{"0":"post-270","1":"product","2":"type-product","3":"status-publish","4":"has-post-thumbnail","6":"product_cat-rytualy","8":"first","9":"instock","10":"sale","11":"virtual","12":"purchasable","13":"product-type-simple"},"_links":{"self":[{"href":"https:\/\/taotmagia.pl\/index.php\/wp-json\/wp\/v2\/product\/270","targetHints":{"allow":["GET"]}}],"collection":[{"href":"https:\/\/taotmagia.pl\/index.php\/wp-json\/wp\/v2\/product"}],"about":[{"href":"https:\/\/taotmagia.pl\/index.php\/wp-json\/wp\/v2\/types\/product"}],"replies":[{"embeddable":true,"href":"https:\/\/taotmagia.pl\/index.php\/wp-json\/wp\/v2\/comments?post=270"}],"wp:featuredmedia":[{"embeddable":true,"href":"https:\/\/taotmagia.pl\/index.php\/wp-json\/wp\/v2\/media\/271"}],"wp:attachment":[{"href":"https:\/\/taotmagia.pl\/index.php\/wp-json\/wp\/v2\/media?parent=270"}],"wp:term":[{"taxonomy":"product_brand","embeddable":true,"href":"https:\/\/taotmagia.pl\/index.php\/wp-json\/wp\/v2\/product_brand?post=270"},{"taxonomy":"product_cat","embeddable":true,"href":"https:\/\/taotmagia.pl\/index.php\/wp-json\/wp\/v2\/product_cat?post=270"},{"taxonomy":"product_tag","embeddable":true,"href":"https:\/\/taotmagia.pl\/index.php\/wp-json\/wp\/v2\/product_tag?post=270"}],"curies":[{"name":"wp","href":"https:\/\/api.w.org\/{rel}","templated":true}]}}