{"id":274,"date":"2025-12-07T23:55:40","date_gmt":"2025-12-07T22:55:40","guid":{"rendered":"https:\/\/taotmagia.pl\/?post_type=product&#038;p=274"},"modified":"2025-12-07T23:56:29","modified_gmt":"2025-12-07T22:56:29","slug":"wglad-w-kariere-i-finanse-alchemia-materii","status":"publish","type":"product","link":"https:\/\/taotmagia.pl\/index.php\/produkt\/wglad-w-kariere-i-finanse-alchemia-materii\/","title":{"rendered":"Wgl\u0105d w Karier\u0119 i Finanse: Alchemia Materii"},"content":{"rendered":"<p class=\"my-2 [&amp;+p]:mt-4 [&amp;_strong:has(+br)]:inline-block [&amp;_strong:has(+br)]:pb-2 animate-in fade-in-25 duration-700\">\u015awiat pracy zmienia si\u0119 szybciej ni\u017c kiedykolwiek, a decyzje zawodowe potrafi\u0105 przes\u0105dzi\u0107 o naszej przysz\u0142o\u015bci na lata. Rozk\u0142ad \u201eTwoja Kariera w Kartach\u201d zosta\u0142 zaprojektowany dla os\u00f3b, kt\u00f3re nie chc\u0105 ju\u017c \u201ep\u0142yn\u0105\u0107 z pr\u0105dem\u201d, ale <strong>\u015bwiadomie kierowa\u0107<\/strong> swoim \u017cyciem zawodowym.<\/p>\n<p class=\"my-2 [&amp;+p]:mt-4 [&amp;_strong:has(+br)]:inline-block [&amp;_strong:has(+br)]:pb-2 animate-in fade-in-25 duration-700\">To czytanie \u0142\u0105czy spojrzenie ezoteryczne z bardzo pragmatycznym podej\u015bciem. Karty nie m\u00f3wi\u0105: \u201ewszystko samo si\u0119 zrobi\u201d \u2013 pokazuj\u0105, gdzie naprawd\u0119 le\u017cy Tw\u00f3j potencja\u0142, jakie s\u0105 realne szanse na awans, podwy\u017ck\u0119, zmian\u0119 pracy czy wej\u015bcie na w\u0142asn\u0105 dzia\u0142alno\u015b\u0107.<\/p>\n<p class=\"my-2 [&amp;+p]:mt-4 [&amp;_strong:has(+br)]:inline-block [&amp;_strong:has(+br)]:pb-2 animate-in fade-in-25 duration-700\">Podczas rozk\u0142adu badane s\u0105 m.in.:<\/p>\n<ul class=\"marker:text-quiet list-disc\">\n<li class=\"py-0 my-0 prose-p:pt-0 prose-p:mb-2 prose-p:my-0 [&amp;&gt;p]:pt-0 [&amp;&gt;p]:mb-2 [&amp;&gt;p]:my-0 animate-in fade-in-25 duration-700\">\n<p class=\"my-2 [&amp;+p]:mt-4 [&amp;_strong:has(+br)]:inline-block [&amp;_strong:has(+br)]:pb-2 animate-in fade-in-25 duration-700\"><strong>Obecna sytuacja zawodowa<\/strong> \u2013 jak wygl\u0105da Twoja pozycja w pracy, jak widz\u0105 Ci\u0119 prze\u0142o\u017ceni, co naprawd\u0119 jest \u017ar\u00f3d\u0142em stagnacji lub frustracji.<\/p>\n<\/li>\n<li class=\"py-0 my-0 prose-p:pt-0 prose-p:mb-2 prose-p:my-0 [&amp;&gt;p]:pt-0 [&amp;&gt;p]:mb-2 [&amp;&gt;p]:my-0 animate-in fade-in-25 duration-700\">\n<p class=\"my-2 [&amp;+p]:mt-4 [&amp;_strong:has(+br)]:inline-block [&amp;_strong:has(+br)]:pb-2 animate-in fade-in-25 duration-700\"><strong>Tw\u00f3j potencja\u0142 i misja<\/strong> \u2013 do jakiego typu pracy jeste\u015b energetycznie \u201eskonstruowana\/y\u201d: stabilny etat, kreatywny chaos, praca z lud\u017ami, w\u0142asny biznes, praca duchowa itd.<\/p>\n<\/li>\n<li class=\"py-0 my-0 prose-p:pt-0 prose-p:mb-2 prose-p:my-0 [&amp;&gt;p]:pt-0 [&amp;&gt;p]:mb-2 [&amp;&gt;p]:my-0 animate-in fade-in-25 duration-700\">\n<p class=\"my-2 [&amp;+p]:mt-4 [&amp;_strong:has(+br)]:inline-block [&amp;_strong:has(+br)]:pb-2 animate-in fade-in-25 duration-700\"><strong>Najwi\u0119ksze blokady<\/strong> \u2013 l\u0119k przed widoczno\u015bci\u0105, przed pora\u017ck\u0105, lojalno\u015b\u0107 wobec starego miejsca, przekonania o pieni\u0105dzach, kt\u00f3re sabotuj\u0105 Tw\u00f3j sukces.<\/p>\n<\/li>\n<li class=\"py-0 my-0 prose-p:pt-0 prose-p:mb-2 prose-p:my-0 [&amp;&gt;p]:pt-0 [&amp;&gt;p]:mb-2 [&amp;&gt;p]:my-0 animate-in fade-in-25 duration-700\">\n<p class=\"my-2 [&amp;+p]:mt-4 [&amp;_strong:has(+br)]:inline-block [&amp;_strong:has(+br)]:pb-2 animate-in fade-in-25 duration-700\"><strong>Kierunek zmian<\/strong> \u2013 czy w obecnym miejscu w og\u00f3le warto walczy\u0107 o awans, czy lepiej szuka\u0107 czego\u015b nowego; jakiego typu praca przyniesie Ci najwi\u0119cej satysfakcji i stabilno\u015bci finansowej.<\/p>\n<\/li>\n<li class=\"py-0 my-0 prose-p:pt-0 prose-p:mb-2 prose-p:my-0 [&amp;&gt;p]:pt-0 [&amp;&gt;p]:mb-2 [&amp;&gt;p]:my-0 animate-in fade-in-25 duration-700\">\n<p class=\"my-2 [&amp;+p]:mt-4 [&amp;_strong:has(+br)]:inline-block [&amp;_strong:has(+br)]:pb-2 animate-in fade-in-25 duration-700\"><strong>Pieni\u0105dze i timing<\/strong> \u2013 jakie s\u0105 tendencje finansowe w najbli\u017cszych miesi\u0105cach, kiedy spodziewa\u0107 si\u0119 poprawy i co mo\u017cesz zrobi\u0107, by j\u0105 przyspieszy\u0107.<\/p>\n<\/li>\n<\/ul>\n<p class=\"my-2 [&amp;+p]:mt-4 [&amp;_strong:has(+br)]:inline-block [&amp;_strong:has(+br)]:pb-2 animate-in fade-in-25 duration-700\">Rozk\u0142ad sprawdza si\u0119 idealnie, je\u015bli:<\/p>\n<ul class=\"marker:text-quiet list-disc\">\n<li class=\"py-0 my-0 prose-p:pt-0 prose-p:mb-2 prose-p:my-0 [&amp;&gt;p]:pt-0 [&amp;&gt;p]:mb-2 [&amp;&gt;p]:my-0 animate-in fade-in-25 duration-700\">\n<p class=\"my-2 [&amp;+p]:mt-4 [&amp;_strong:has(+br)]:inline-block [&amp;_strong:has(+br)]:pb-2 animate-in fade-in-25 duration-700\">stoisz przed decyzj\u0105: zosta\u0107 czy odej\u015b\u0107,<\/p>\n<\/li>\n<li class=\"py-0 my-0 prose-p:pt-0 prose-p:mb-2 prose-p:my-0 [&amp;&gt;p]:pt-0 [&amp;&gt;p]:mb-2 [&amp;&gt;p]:my-0 animate-in fade-in-25 duration-700\">\n<p class=\"my-2 [&amp;+p]:mt-4 [&amp;_strong:has(+br)]:inline-block [&amp;_strong:has(+br)]:pb-2 animate-in fade-in-25 duration-700\">zastanawiasz si\u0119, czy dana oferta pracy jest dla Ciebie korzystna,<\/p>\n<\/li>\n<li class=\"py-0 my-0 prose-p:pt-0 prose-p:mb-2 prose-p:my-0 [&amp;&gt;p]:pt-0 [&amp;&gt;p]:mb-2 [&amp;&gt;p]:my-0 animate-in fade-in-25 duration-700\">\n<p class=\"my-2 [&amp;+p]:mt-4 [&amp;_strong:has(+br)]:inline-block [&amp;_strong:has(+br)]:pb-2 animate-in fade-in-25 duration-700\">planujesz awans lub rozmow\u0119 o podwy\u017ck\u0119,<\/p>\n<\/li>\n<li class=\"py-0 my-0 prose-p:pt-0 prose-p:mb-2 prose-p:my-0 [&amp;&gt;p]:pt-0 [&amp;&gt;p]:mb-2 [&amp;&gt;p]:my-0 animate-in fade-in-25 duration-700\">\n<p class=\"my-2 [&amp;+p]:mt-4 [&amp;_strong:has(+br)]:inline-block [&amp;_strong:has(+br)]:pb-2 animate-in fade-in-25 duration-700\">my\u015blisz o w\u0142asnej dzia\u0142alno\u015bci, ale boisz si\u0119 \u201eskoku w nieznane\u201d.<\/p>\n<\/li>\n<\/ul>\n<p class=\"my-2 [&amp;+p]:mt-4 [&amp;_strong:has(+br)]:inline-block [&amp;_strong:has(+br)]:pb-2 animate-in fade-in-25 duration-700\">Malwina nie sk\u0142ada obietnic typu \u201eb\u0119dziesz milionerk\u0105 w miesi\u0105c\u201d. Zamiast tego dostajesz <strong>szczery obraz sytuacji<\/strong> i bardzo konkretne wskaz\u00f3wki: gdzie inwestowa\u0107 energi\u0119, jak\u0105 strategi\u0119 przyj\u0105\u0107, czego unika\u0107, jak wzmocni\u0107 swoj\u0105 pozycj\u0119.<\/p>\n<p class=\"my-2 [&amp;+p]:mt-4 [&amp;_strong:has(+br)]:inline-block [&amp;_strong:has(+br)]:pb-2 animate-in fade-in-25 duration-700\">Czytanie ma charakter nie tylko prognozy, ale tak\u017ce <strong>coachingowy<\/strong> \u2013 pokazuje Ci kierunek, a nie tylko wynik.<\/p>\n<p class=\"my-2 [&amp;+p]:mt-4 [&amp;_strong:has(+br)]:inline-block [&amp;_strong:has(+br)]:pb-2 animate-in fade-in-25 duration-700\"><strong>Forma realizacji:<\/strong><\/p>\n<ul class=\"marker:text-quiet list-disc\">\n<li class=\"py-0 my-0 prose-p:pt-0 prose-p:mb-2 prose-p:my-0 [&amp;&gt;p]:pt-0 [&amp;&gt;p]:mb-2 [&amp;&gt;p]:my-0 animate-in fade-in-25 duration-700\">\n<p class=\"my-2 [&amp;+p]:mt-4 [&amp;_strong:has(+br)]:inline-block [&amp;_strong:has(+br)]:pb-2 animate-in fade-in-25 duration-700\">rozk\u0142ad wykonywany w ciszy i skupieniu, z intencj\u0105 otwarcia \u015bcie\u017cek zawodowych,<\/p>\n<\/li>\n<li class=\"py-0 my-0 prose-p:pt-0 prose-p:mb-2 prose-p:my-0 [&amp;&gt;p]:pt-0 [&amp;&gt;p]:mb-2 [&amp;&gt;p]:my-0 animate-in fade-in-25 duration-700\">\n<p class=\"my-2 [&amp;+p]:mt-4 [&amp;_strong:has(+br)]:inline-block [&amp;_strong:has(+br)]:pb-2 animate-in fade-in-25 duration-700\">otrzymasz obszerny opis (cz\u0119sto kilka stron A4) lub nagranie audio z wyja\u015bnieniem ka\u017cdej karty,<\/p>\n<\/li>\n<li class=\"py-0 my-0 prose-p:pt-0 prose-p:mb-2 prose-p:my-0 [&amp;&gt;p]:pt-0 [&amp;&gt;p]:mb-2 [&amp;&gt;p]:my-0 animate-in fade-in-25 duration-700\">\n<p class=\"my-2 [&amp;+p]:mt-4 [&amp;_strong:has(+br)]:inline-block [&amp;_strong:has(+br)]:pb-2 animate-in fade-in-25 duration-700\">w podsumowaniu \u2013 syntetyczne wskaz\u00f3wki krok po kroku, co zrobi\u0107 w najbli\u017cszych tygodniach.<\/p>\n<\/li>\n<\/ul>\n","protected":false},"excerpt":{"rendered":"<p>\u015awiat pracy zmienia si\u0119 szybciej ni\u017c kiedykolwiek, a decyzje zawodowe potrafi\u0105 przes\u0105dzi\u0107 o naszej przysz\u0142o\u015bci na lata. Rozk\u0142ad \u201eTwoja Kariera w Kartach\u201d zosta\u0142 zaprojektowany dla os\u00f3b, kt\u00f3re nie chc\u0105 ju\u017c \u201ep\u0142yn\u0105\u0107 z pr\u0105dem\u201d, ale \u015bwiadomie kierowa\u0107 swoim \u017cyciem zawodowym. To czytanie \u0142\u0105czy spojrzenie ezoteryczne z bardzo pragmatycznym podej\u015bciem. Karty nie m\u00f3wi\u0105: \u201ewszystko samo si\u0119 zrobi\u201d [&hellip;]<\/p>\n","protected":false},"featured_media":275,"comment_status":"open","ping_status":"closed","template":"","meta":[],"product_brand":[],"product_cat":[16],"product_tag":[],"class_list":{"0":"post-274","1":"product","2":"type-product","3":"status-publish","4":"has-post-thumbnail","6":"product_cat-tarot","8":"first","9":"instock","10":"sale","11":"virtual","12":"purchasable","13":"product-type-simple"},"_links":{"self":[{"href":"https:\/\/taotmagia.pl\/index.php\/wp-json\/wp\/v2\/product\/274","targetHints":{"allow":["GET"]}}],"collection":[{"href":"https:\/\/taotmagia.pl\/index.php\/wp-json\/wp\/v2\/product"}],"about":[{"href":"https:\/\/taotmagia.pl\/index.php\/wp-json\/wp\/v2\/types\/product"}],"replies":[{"embeddable":true,"href":"https:\/\/taotmagia.pl\/index.php\/wp-json\/wp\/v2\/comments?post=274"}],"wp:featuredmedia":[{"embeddable":true,"href":"https:\/\/taotmagia.pl\/index.php\/wp-json\/wp\/v2\/media\/275"}],"wp:attachment":[{"href":"https:\/\/taotmagia.pl\/index.php\/wp-json\/wp\/v2\/media?parent=274"}],"wp:term":[{"taxonomy":"product_brand","embeddable":true,"href":"https:\/\/taotmagia.pl\/index.php\/wp-json\/wp\/v2\/product_brand?post=274"},{"taxonomy":"product_cat","embeddable":true,"href":"https:\/\/taotmagia.pl\/index.php\/wp-json\/wp\/v2\/product_cat?post=274"},{"taxonomy":"product_tag","embeddable":true,"href":"https:\/\/taotmagia.pl\/index.php\/wp-json\/wp\/v2\/product_tag?post=274"}],"curies":[{"name":"wp","href":"https:\/\/api.w.org\/{rel}","templated":true}]}}